of 165480193?
3
What is the tens digit of 736720739?
3
What is the units digit of 49846440?
0
What is the ten thousands digit of 47084163?
8
What is the units digit of 724467384?
4
What is the hundreds digit of 65239294?
2
What is the thousands digit of 215239224?
9
What is the ten millions digit of 176221021?
7
What is the tens digit of 901031928?
2
What is the units digit of 10202196?
6
What is the units digit of 3457716997?
7
What is the units digit of 619748848?
8
What is the units digit of 78708084?
4
What is the hundreds digit of 491762069?
0
What is the millions digit of 103135550?
3
What is the thousands digit of 24608529?
8
What is the hundred thousands digit of 185569473?
5
What is the thousands digit of 498103263?
3
What is the hundred millions digit of 1101309559?
1
What is the hundred thousands digit of 1218502114?
5
What is the hundreds digit of 209368428?
4
What is the ten millions digit of 71782600?
7
What is the units digit of 427485010?
0
What is the hundreds digit of 2770575944?
9
What is the units digit of 503054746?
6
What is the hundred millions digit of 137857163?
1
What is the ten thousands digit of 197291848?
9
What is the units digit of 13366871?
1
What is the units digit of 429420626?
6
What is the hundred thousands digit of 98311493?
3
What is the millions digit of 242077798?
2
What is the units digit of 217786437?
7
What is the hundred millions digit of 423248275?
4
What is the hundred thousands digit of 62452753?
4
What is the hundred millions digit of 106044138?
1
What is the millions digit of 6888029637?
8
What is the billions digit of 2328653411?
2
What is the billions digit of 1120283595?
1
What is the ten millions digit of 3264421647?
6
What is the units digit of 1248009758?
8
What is the hundred thousands digit of 2998672855?
6
What is the millions digit of 53662498?
3
What is the millions digit of 1602543787?
2
What is the tens digit of 26446188?
8
What is the units digit of 1321439239?
9
What is the hundred millions digit of 251054252?
2
What is the tens digit of 876980348?
4
What is the tens digit of 829956938?
3
What is the millions digit of 2297532232?
7
What is the ten thousands digit of 64281526?
8
What is the hundred thousands digit of 198602949?
6
What is the hundred thousands digit of 70916355?
9
What is the ten thousands digit of 39649019?
4
What is the ten thousands digit of 65123653?
2
What is the tens digit of 710274064?
6
What is the ten thousands digit of 18913691?
1
What is the thousands digit of 1365831868?
1
What is the hundred thousands digit of 196700989?
7
What is the ten thousands digit of 1285241504?
4
What is the millions digit of 212176806?
2
What is the hundred millions digit of 244438546?
2
What is the thousands digit of 179905962?
5
What is the thousands digit of 8508476136?
6
What is the tens digit of 175743444?
4
What is the tens digit of 3413283074?
7
What is the hundred thousands digit of 184280095?
2
What is the hundreds digit of 31994591?
5
What is the tens digit of 1040635780?
8
What is the ten millions digit of 785418817?
8
What is the ten thousands digit of 54457649?
5
What is the hundred millions digit of 157935350?
1
What is the millions digit of 68126150?
8
What is the millions digit of 55798083?
5
What is the ten millions digit of 6166297728?
6
What is the thousands digit of 740446017?
6
What is the tens digit of 1867699866?
6
What is the tens digit of 94491707?
0
What is the tens digit of 2602947995?
9
What is the thousands digit of 29038195?
8
What is the hundred thousands digit of 126849814?
8
What is the ten thousands digit of 5101485012?
8
What is the hundred millions digit of 442522645?
4
What is the thousands digit of 589937896?
7
What is the millions digit of 47972807?
7
What is the tens digit of 1539806386?
8
What is the ten millions digit of 4449769469?
4
What is the ten thousands digit of 67994654?
9
What is the ten thousands digit of 6661066773?
6
What is the hundred millions digit of 3642478897?
6
What is the millions digit of 249118042?
9
What is the ten millions digit of 153634167?
5
What is the ten thousands digit of 43050749?
5
What is the hundreds digit of 520171241?
2
What is the ten thousands digit of 348833130?
3
What is the hundreds digit of 168877359?
3
What is the units digit of 2192744646?
6
What is the hundred thousands digit of 40218927?
2
What is the ten thousands digit of 262334566?
3
What is the billions digit of 1136603247?
1
What is the hundred millions digit of 693761592?
6
What is the ten millions digit of 55922843?
5
What is the hundreds digit of 7514669?
6
What is the hundred thousands digit of 303973160?
9
What is the hundred thousands digit of 645218194?
2
What is the thousands digit of 2938744108?
4
What is the units digit of 285852662?
2
What is the millions digit of 5773060?
5
What is the thousands digit of 245256907?
6
What is the hundred thousands digit of 661965034?
9
What is the units digit of 4698252940?
0
What is the tens digit of 2723079318?
1
What is the ten millions digit of 2343341030?
4
What is the thousands digit of 30268303?
8
What is the ten thousands digit of 150101282?
0
What is the ten millions digit of 858102825?
5
What is the hundreds digit of 1917677075?
0
What is the hundred millions digit of 1991190935?
9
What is the tens digit of 74061027?
2
What is the ten thousands digit of 1386594951?
9
What is the hundred thousands digit of 201602987?
6
What is the ten millions digit of 43131873?
4
What is the hundreds digit of 4606502?
5
What is the ten thousands digit of 2211417244?
1
What is the millions digit of 211889100?
1
What is the tens digit of 67517439?
3
What is the hundred thousands digit of 454280348?
2
What is the units digit of 205763392?
2
What is the ten millions digit of 46368230?
4
What is the hundred millions digit of 105628521?
1
What is the hundreds digit of 2511667493?
4
What is the hundreds digit of 83065699?
6
What is the billions digit of 4274926557?
4
What is the billions digit of 1199161340?
1
What is the millions digit of 176677054?
6
What is the tens digit of 12361992?
9
What is the hundred millions digit of 1152553767?
1
What is the hundred millions digit of 390867384?
3
What is the units digit of 362448636?
6
What is the units digit of 482910026?
6
What is the millions digit of 52521694?
2
What is the tens digit of 92056373?
7
What is the hundred thousands digit of 227828522?
8
What is the tens digit of 288850523?
2
What is the hundreds digit of 16776832?
8
What is the ten thousands digit of 96043898?
4
What is the hundred thousands digit of 565904658?
9
What is the units digit of 31590641?
1
What is the millions digit of 1218243914?
8
What is the units digit of 428586318?
8
What is the ten millions digit of 51139788?
5
What is the thousands digit of 17817705?
7
What is the hundred thousands digit of 44664259?
6
What is the tens digit of 136149873?
7
What is the hundreds digit of 75655988?
9
What is the millions digit of 2016411541?
6
What is the hundred thousands digit of 85850487?
8
What is the hundred millions digit of 183875268?
1
What is the millions digit of 76286913?
6
What is the thousands digit of 9049597?
9
What is the ten thousands digit of 138689622?
8
What is the units digit of 47742775?
5
What is the hundred thousands digit of 54911309?
9
What is the ten thousands digit of 1428820798?
2
What is the hundred thousands digit of 576136471?
1
What is the ten millions digit of 2148021265?
4
What is the hundred millions digit of 7381551140?
3
What is the hundred millions digit of 172058763?
1
What is the units digit of 221584973?
3
What is the hundreds digit of 1550065067?
0
What is the hundreds digit of 60921813?
8
What is the hundreds digit of 86266921?
9
What is the tens digit of 20998761?
6
What is the hundred thousands digit of 177778756?
7
What is the hundred thousands digit of 787986715?
9
What is the ten thousands digit of 208093268?
9
What is the hundred millions digit of 1234964333?
2
What is the units digit of 76239753?
3
What is the ten thousands digit of 46518912?
1
What is the units digit of 60212341?
1
What is the units digit of 371918570?
0
What is the millions digit of 29965835?
9
What is the tens digit of 51192953?
5
What is the ten thousands digit of 516